*u**2 + 3*u - 157. Is c(16) a prime number?
False
Is 786616/88 + -4 - 2/(-11) prime?
False
Let l(a) = 435*a + 26. Suppose 0 = -0*q - 23*q + 207. Is l(q) prime?
False
Suppose -2*b + k + 208265 = 26404, -6*b + 2*k + 545580 = 0. Is b a composite number?
True
Suppose 83*w + 346884 = 95*w. Is w prime?
False
Let h(u) = -9*u - 17 - u**3 - 14*u**2 - 12*u + 8*u - 6*u. Let d = 810 - 825. Is h(d) prime?
False
Suppose 4*v - 4*o = -6*o + 27246, -5*v + 34045 = 5*o. Let g = v + 1789. Is g prime?
False
Let x = -57 + -20. Let t = x - -112. Is t/(-5)*53*-1 prime?
False
Let a = 25879 + 4150. Is a composite?
False
Let b(r) = 11 - 14 + 0*r - 48 - 30*r. Is b(-24) composite?
True
Suppose 0*p - p + 3 = 0, 5*u - 21 = 3*p. Let v be 218696/40 + u/(-15). Let m = v + -3830. Is m a prime number?
True
Let n(s) = -3*s - 3. Suppose 3*z - 2 = -5. Let f be n(z). Suppose 0 = b - 3, f = 3*a - 0*b - b - 2631. Is a composite?
True
Let a(n) = 3294*n**3 + 3*n**2 + 22*n - 29. Is a(3) composite?
True
Suppose -27*b = 8*b - 7057 - 48348. Let v = 57 - 1169. Let a = b + v. Is a a composite number?
True
Let z = -56625 - -160538. Is z prime?
True
Let n(a) = 37*a**2 + 22*a - 139. Let p be n(10). Let l be 547 - 0/(-1 - -4). Suppose l + p = 8*w. Is w composite?
False
Suppose -o + 4*c - c = 169, 3*o = c - 475. Let w = o + 243. Suppose d = -d + w. Is d a prime number?
True
Let n(l) be the third derivative of 1/6*l**4 + 0*l - 1/10*l**5 + 13*l**2 + 0 - 1/40*l**6 + 5/3*l**3. Is n(-7) a prime number?
False
Suppose -2*n = -85*o + 84*o + 45, n = 2*o - 75. Suppose -38*w - 3*p = -o*w - 34203, 0 = -3*w + 2*p + 34203. Is w prime?
False
Suppose b = -2*l + 124889, -19*b - 2*l = -21*b + 249802. Is b prime?
True
Let g(s) = s**2 + 39*s + 27. Let w be g(-39). Is w - 32 - 11190/(-3)*3 prime?
False
Let u = -731 + 3858. Suppose -18703 = -10*o + u. Is o composite?
True
Let f = -60765 - -113266. Is f composite?
False
Let w be ((-2)/4)/(4/(-371648)). Suppose 0 = -5*u - 3*u + w. Is u a prime number?
True
Let d(r) be the third derivative of 37*r**8/840 + r**7/840 + r**6/144 - 9*r**5/20 + 2*r**2 - r. Let n(l) be the third derivative of d(l). Is n(-1) composite?
False
Let u be (1/(-4))/(1/5)*-4. Let j(p) = -48*p**2 - 9*p + 8. Let o be j(u). Let m = o - -2972. Is m a prime number?
False
Suppose -25 = 4*n - 65. Suppose -36 = n*k - k. Is 2*(393/k)/((-6)/4) prime?
True
Let y(u) = -1985*u + 4. Let n(r) be the second derivative of 331*r**3/2 - r**2/2 - 12*r. Let d(b) = 5*n(b) + 3*y(b). Is d(-7) a composite number?
True
Let f = 43 - 35. Let w be (-1068)/8*f/(-12). Suppose 85 + 0 = v - 2*c, -v = 2*c - w. Is v prime?
False
Suppose -209*s + 2*c = -205*s - 710792, -5*c + 177731 = s. Is s a composite number?
True
Let f = 1447493 - 550876. Is f a composite number?
False
Let d(k) = -63*k**2 + 17*k + 19. Let l(r) = 63*r**2 - 17*r - 18. Let n(j) = 5*d(j) + 6*l(j). Is n(-6) a prime number?
True
Let s(a) = 3531*a - 27. Let k be s(-5). Let m = k + 28859. Is m composite?
False
Suppose -20 + 33 = f. Suppose f*a = 3089 + 1292. Is a prime?
True
Let p(b) = -13*b**3 - 13*b**2 - 15*b + 42. Is p(-11) a composite number?
False
Suppose 4*a - 3 + 1 = n, 0 = 4*a. Is (-2)/n*(-17212)/(-4) prime?
False
Suppose 5*y - p = 14, 0 = -3*y - 4*p + 3*p + 2. Suppose -d = d + y. Is (310 - -1) + 9 + 3*d composite?
False
Suppose -3*a = -6 - 0. Suppose -5*k + a - 7 = 0. Is 293 - -10 - (-3 - k) a prime number?
False
Let q be (-1 + 9)*6180/(-15). Let d = q + 11627. Is d a composite number?
True
Let g be -43 + 13 - (3 + 0). Let m = g + 33. Is ((1 - m/(-3)) + 661)/2 prime?
True
Let x be 1 - (0 + (0 - -1)). Suppose r + 5*r + 48 = x. Is (4/6)/(r/(-6252)) a composite number?
False
Let q be (-1628653)/(-91) + 4/(-14). Let o = q + -8364. Is o a composite number?
False
Let i(h) = -h - 1. Suppose -4*w = 4*w. Let t be i(w). Is 0 - t - (10*266)/(-5) composite?
True
Let y = 5343 - 2440. Is y composite?
False
Is (-6663*(-3)/(-18))/(-2 + (-123)/(-62)) prime?
False
Suppose -3*w = 2*p - 1818891, 14*p - 15 = 19*p. Is w composite?
False
Let r = 511 + -516. Is 42016/(4 + 4) - r a prime number?
False
Let f(r) = 149*r**3 - 5*r**2 - 4*r + 3. Suppose -q + 14 = 4*i - 0*q, q + 10 = 2*i. Let o be f(i). Suppose -3*y + 7086 = 3*c, -3*y = 3*c + c - o. Is c prime?
True
Let m(u) = 4*u - 24. Let x be m(5). Is 3/(-7) - x*3790/28 prime?
True
Let q(s) = -292*s - 299. Let c(x) = -874*x - 895. Let u(d) = -4*c(d) + 11*q(d). Is u(37) prime?
True
Is (((-36)/16)/(-3))/(18/9989256) prime?
True
Let y(k) be the second derivative of k**4/12 - k**3/2 - 17*k**2/2 - k. Suppose g = -1, -25 = -4*i - g - 78. Is y(i) a composite number?
False
Let x = 36 + -33. Suppose -3*h + 3*t = -8004, x*h - 6*h + 5*t = -7998. Is h composite?
False
Let a(z) = 48247*z + 123. Let g be a(-12). Is g/(-161) + (-2)/7 composite?
True
Suppose -5922 = -102*n + 93*n. Let x = n - 239. Is x composite?
False
Let d = -165 - -75. Let p(m) = 46*m**2 - 3*m - 3. Let o be p(4). Let t = o + d. Is t composite?
False
Suppose -78390 = -2*q + j, -2*q + 3*j = 7*j - 78430. Is q prime?
True
Let v = -439 + 439. Suppose -50*r + 53*r - 31449 = v. Is r prime?
False
Let i be (-768)/(-8)*(-6)/(-18). Suppose -i*a + 1245 = -2147. Is a a prime number?
False
Suppose -5*c = -8*c + 60. Let q be c/(-9) - -2 - (-4687)/(-9). Let z = q - -808. Is z a prime number?
False
Let b be (-14)/6*3*1. Let k(o) = 2*o**3 + 8*o**2 - 13*o - 9. Let a be k(b). Let h = 651 + a. Is h composite?
False
Let c(f) be the second derivative of 127*f**3/3 + 3*f**2/2 - 225*f. Is c(1) composite?
False
Suppose 147*a = 137*a + 6060. Suppose -v = -a - 2233. Is v composite?
True
Let m(v) = -v**2 - 4*v + 3. Let q be m(-4). Let g = -474 - -1926. Is q/(-15) + g/10 a composite number?
True
Suppose -5*c = 2*d - 6*d - 9112, 5*c + 4*d - 9088 = 0. Suppose -13*v - 2*v = -v. Suppose 5*r - r - 2*j - c = v, -1812 = -4*r + 4*j. Is r prime?
True
Let f(a) be the third derivative of a**6/120 + 17*a**5/30 + 4*a**4/3 + 11*a**3/6 - 168*a**2. Is f(-20) composite?
True
Let q be (4 + 10 + -12)/(2/4). Suppose -2*i = i + q*m - 9469, -2*i = 5*m - 6301. Is i composite?
False
Suppose -b = -5*g + 21, 0 = -2*b + 14*g - 16*g + 18. Is 103012/42 - (b/6)/(-2) a composite number?
True
Let h(q) = 13581*q + 1064. Is h(5) prime?
False
Let o = -50192 - -259069. Is o composite?
False
Suppose -4*b = 2*v - 32, -16*b + 3*v + 32 = -14*b. Is (-4)/24*15*(-7528)/b a composite number?
True
Suppose 0*c = 7*c + 9961. Let l = c + 2492. Is l composite?
False
Let o be (120/140)/((-2)/(-18452)). Let r = 11329 - o. Is r composite?
True
Suppose -17*h + 59*h - 9062382 = 0. Is h prime?
True
Let r(o) be the first derivative of 13*o**2 - 59*o + 157. Is r(6) a prime number?
True
Let b = 85542 + 122207. Is b prime?
False
Let c(m) = -10*m**3 - 14*m**2 - 62*m + 27. Is c(-22) a prime number?
False
Suppose -62*x - 7*x = -27518097. Is x a composite number?
False
Let y = 22 + -24. Let p(u) = 284*u - 4. Let v be p(y). Let n = v + 903. Is n a prime number?
True
Suppose 7221248 = 117*w - 403057. Is w prime?
False
Let x = 16137 - -58720. Is x prime?
True
Let v(k) = k**3 + 3*k**2 - 3*k - 1. Let a be v(-6). Let d = a + 2252. Is d a composite number?
False
Suppose -2*b + 38 + 15 = 5*q, 0 = 3*q + 4*b - 43. Suppose -9*g = q*g - 72. Suppose -2389 = -g*s + 1215. Is s a composite number?
True
Suppose -47*w + 880 = -52*w. Let b = w + 625. Is b composite?
False
Let d(b) = 1 + 103*b**3 - 101*b**3 - b**2 + 89*b**3. Is d(4) composite?
True
Let c be (1628/(-55))/((-2)/85). Suppose -36*z = -38*z + c. Is z composite?
True
Suppose 41*b - 27755 = 74868. Is b prime?
True
Let a be -1 - (6/9)/((-4)/438). Suppose -a*h + 87*h = 458655. Is h a composite number?
False
Suppose 4*y + 1 = 13. Suppose -24117 = -y*w - 2*j, 2*j - 5614 - 10464 = -2*w. Is w composite?
False
Let h(r) = -r**3 + 5*r**2 - 1. Suppose 0 = -18*n + 17*n + 5. Let p be h(n). Let o(j) = 78*j**2 - 7*j - 6. Is o(p) prime?
True
Let w(b) = -40*b + 6. Let k = -234 - -221. Is w(k) a composite number?
True
Let b be (-1)/(-12) + (-2505)/(-180). Is (38916/b - 10/(-35)) + -3 prime?
True
Suppose 3*a = -a + 4*j + 20, -10 = -2*a - 3*j. Is ((-35330)/(-1))/a - (2 - -3) a prime number?
False
Suppose 3002663 = 581*g - 578*g + f, 0 = 5*f + 20. Is g composite?
False
Suppose 2*s + 5*q = 247278, -3*s - 23*q + 19*q = -370931. Is s a prime number?
False
Is